{"id":99,"date":"2018-08-11T15:58:01","date_gmt":"2018-08-11T13:58:01","guid":{"rendered":"http:\/\/www.menschenwesen.net\/?page_id=99"},"modified":"2018-08-11T15:58:01","modified_gmt":"2018-08-11T13:58:01","slug":"agb","status":"publish","type":"page","link":"http:\/\/menschenwesen.net\/home\/agb\/","title":{"rendered":"AGB"},"content":{"rendered":"<h2>Allgemeine Gesch\u00e4ftsbedingungen (AGB)<\/h2>\n<p>Da wir oft kleine Runden in unseren Workshops und Vortr\u00e4gen sind brauchen wir AGB, welche die Absage von den Terminen regeln:<\/p>\n<p>In der Teilnahmegeb\u00fchr sind alle aufgef\u00fchrten Leistungen enthalten. Bei Stornierung durch Teilnehmer*innen oder bei Nichterscheinen sp\u00e4ter als 24 Stunden vor Vertragsbeginn wird die gesamte Teilnahmegeb\u00fchr erhoben. Eine Vertretung der angemeldeten Teilnehmer*in ist ohne zus\u00e4tzliche Kosten jederzeit m\u00f6glich. Bei fr\u00fcherer Absage kann der Termin zu einem anderen Zeitpunkt nachgeholt werden oder die Vorauszahlung wird erstattet.<\/p>\n","protected":false},"excerpt":{"rendered":"<p>Allgemeine Gesch\u00e4ftsbedingungen (AGB) Da wir oft kleine Runden in unseren Workshops und Vortr\u00e4gen sind brauchen wir AGB, welche die Absage von den Terminen regeln: In der Teilnahmegeb\u00fchr sind alle aufgef\u00fchrten Leistungen enthalten. Bei Stornierung durch Teilnehmer*innen oder bei Nichterscheinen sp\u00e4ter <span class=\"readmore\"><a href=\"http:\/\/menschenwesen.net\/home\/agb\/\">Continue Reading &#8230;<\/a><\/span><\/p>\n","protected":false},"author":1,"featured_media":0,"parent":0,"menu_order":0,"comment_status":"closed","ping_status":"closed","template":"","meta":{"_price":"","_stock":"","_tribe_ticket_header":"","_tribe_default_ticket_provider":"","_ticket_start_date":"","_ticket_end_date":"","_tribe_ticket_show_description":"","_tribe_ticket_use_global_stock":"","_tribe_ticket_global_stock_level":"","_global_stock_mode":"","_global_stock_cap":"","_tribe_rsvp_for_event":"","_tribe_ticket_going_count":"","_tribe_ticket_not_going_count":"","_tribe_tickets_list":[],"footnotes":""},"_links":{"self":[{"href":"http:\/\/menschenwesen.net\/home\/wp-json\/wp\/v2\/pages\/99"}],"collection":[{"href":"http:\/\/menschenwesen.net\/home\/wp-json\/wp\/v2\/pages"}],"about":[{"href":"http:\/\/menschenwesen.net\/home\/wp-json\/wp\/v2\/types\/page"}],"author":[{"embeddable":true,"href":"http:\/\/menschenwesen.net\/home\/wp-json\/wp\/v2\/users\/1"}],"replies":[{"embeddable":true,"href":"http:\/\/menschenwesen.net\/home\/wp-json\/wp\/v2\/comments?post=99"}],"version-history":[{"count":1,"href":"http:\/\/menschenwesen.net\/home\/wp-json\/wp\/v2\/pages\/99\/revisions"}],"predecessor-version":[{"id":100,"href":"http:\/\/menschenwesen.net\/home\/wp-json\/wp\/v2\/pages\/99\/revisions\/100"}],"wp:attachment":[{"href":"http:\/\/menschenwesen.net\/home\/wp-json\/wp\/v2\/media?parent=99"}],"curies":[{"name":"wp","href":"https:\/\/api.w.org\/{rel}","templated":true}]}}